56.
82
Calculate the remainder when 2294 is divided by 77.
61
Calculate the remainder when 1348171 is divided by 67.
64
Calculate the remainder when 143665 is divided by 5317.
106
Calculate the remainder when 41767 is divided by 1307.
1250
What is the remainder when 1497 is divided by 296?
17
Calculate the remainder when 10568 is divided by 3517.
17
What is the remainder when 173951 is divided by 96?
95
What is the remainder when 16147 is divided by 231?
208
Calculate the remainder when 19521 is divided by 214.
47
Calculate the remainder when 203387 is divided by 28.
23
Calculate the remainder when 1642535 is divided by 42.
41
What is the remainder when 94229 is divided by 45?
44
What is the remainder when 135593 is divided by 20?
13
Calculate the remainder when 428113 is divided by 83.
82
What is the remainder when 14699 is divided by 60?
59
Calculate the remainder when 3105 is divided by 193.
17
What is the remainder when 129923 is divided by 12?
11
Calculate the remainder when 3433 is divided by 245.
3
Calculate the remainder when 10110 is divided by 5053.
4
What is the remainder when 2653 is divided by 451?
398
Calculate the remainder when 168388 is divided by 15.
13
Calculate the remainder when 165367 is divided by 755.
22
Calculate the remainder when 1273 is divided by 288.
121
What is the remainder when 46607 is divided by 2026?
9
What is the remainder when 13171 is divided by 3209?
335
What is the remainder when 137421 is divided by 182?
11
What is the remainder when 1519 is divided by 190?
189
What is the remainder when 903 is divided by 249?
156
Calculate the remainder when 235535 is divided by 168.
167
Calculate the remainder when 21950 is divided by 460.
330
Calculate the remainder when 1873 is divided by 1256.
617
What is the remainder when 3876 is divided by 486?
474
Calculate the remainder when 125054 is divided by 54.
44
Calculate the remainder when 5206 is divided by 34.
4
What is the remainder when 19644 is divided by 240?
204
Calculate the remainder when 14291 is divided by 96.
83
Calculate the remainder when 19554 is divided by 1504.
2
What is the remainder when 147798 is divided by 1369?
1315
What is the remainder when 3333 is divided by 477?
471
What is the remainder when 11422 is divided by 1875?
172
Calculate the remainder when 3942 is divided by 175.
92
What is the remainder when 104821 is divided by 83?
75
What is the remainder when 4674 is divided by 204?
186
What is the remainder when 31598 is divided by 15725?
148
What is the remainder when 218367 is divided by 409?
370
Calculate the remainder when 1267013 is divided by 95.
93
What is the remainder when 4839 is divided by 754?
315
Calculate the remainder when 2823 is divided by 13.
2
What is the remainder when 382196 is divided by 195?
191
What is the remainder when 812307 is divided by 14?
13
What is the remainder when 3918 is divided by 647?
36
Calculate the remainder when 2459 is divided by 246.
245
Calculate the remainder when 281175 is divided by 127.
124
What is the remainder when 64637 is divided by 505?
502
What is the remainder when 145276 is divided by 127?
115
What is the remainder when 20993 is divided by 95?
93
Calculate the remainder when 16153 is divided by 113.
107
Calculate the remainder when 22681 is divided by 504.
1
Calculate the remainder when 14233 is divided by 381.
136
What is the remainder when 4522 is divided by 1128?
10
What is the remainder when 1582 is divided by 1367?
215
What is the remainder when 233754 is divided by 9?
6
What is the remainder when 1276349 is divided by 1813?
1810
Calculate the remainder when 555564 is divided by 165.
9
Calculate the remainder when 15382 is divided by 104.
94
What is the remainder when 1938046 is divided by 3?
1
Calculate the remainder when 1842 is divided by 853.
136
What is the remainder when 438401 is divided by 15?
11
What is the remainder when 11686 is divided by 708?
358
Calculate the remainder when 812 is divided by 40.
12
What is the remainder when 41328 is divided by 1288?
112
What is the remainder when 2223098 is divided by 411?
410
What is the remainder when 41164 is divided by 13633?
265
Calculate the remainder when 17834 is divided by 1114.
10
What is the remainder when 69948 is divided by 1397?
98
What is the remainder when 30745 is divided by 35?
15
What is the remainder when 648 is divided by 348?
300
What is the remainder when 3251 is divided by 3138?
113
What is the remainder when 259782 is divided by 15?
12
What is the remainder when 17875 is divided by 125?
0
Calculate the remainder when 17580 is divided by 8657.
266
Calculate the remainder when 289412 is divided by 52.
32
What is the remainder when 2074 is divided by 853?
368
Calculate the remainder when 3354 is divided by 706.
530
Calculate the remainder when 1743139 is divided by 34.
27
What is the remainder when 145206 is divided by 307?
302
What is the remainder when 935251 is divided by 155873?
13
What is the remainder when 4041303 is divided by 201?
198
Calculate the remainder when 784073 is divided by 66.
59
Calculate the remainder when 18553 is divided by 34.
23
Calculate the remainder when 109847 is divided by 130.
127
What is the remainder when 6630 is divided by 101?
65
What is the remainder when 9211 is divided by 511?
13
Calculate the remainder when 75001 is divided by 99.
58
What is the remainder when 398474 is divided by 63?
62
What is the remainder when 79 is divided by 27?
25
Calculate the remainder when 12961 is divided by 19.
3
What is the remainder when 6421 is divided by 51?
46
Calculate the remainder when 4171 is divided by 459.
40
What is the remainder when 732979 is divided by 39?
13
Calculate the remainder when 33116 is divided by 12.
8
What is the remainder when 53845 is divided by 77?
22
Calculate the remainder when 1607015 is divided by 11.
3
Calculate the remainder when 25746 is divided by 2144.
18
What is the remainder when 4952443 is divided by 829?
826
What is the remainder when 1400 is divided by 698?
4
Calculate the remainder when 1537543 is divided by 15.
13
Calculate the remainder when 88395 is divided by 409.
51
What is the remainder when 57783 is divided by 14445?
3
What is the remainder when 752571 is divided by 50?
21
Calculate the remainder when 3254 is divided by 532.
62
Calculate the remainder when 1112526 is divided by 1016.
6
What is the remainder when 253747 is divided by 776?
771
What is the remainder when 33521 is divided by 3323?
291
What is the remainder when 130971 is divided by 166?
163
Calculate the remainder when 18870 is divided by 78.
72
Calculate the remainder when 415 is divided by 132.
19
Calculate the remainder when 846 is divided by 41.
26
Calculate the remainder when 2198 is divided by 58.
52
What is the remainder when 669 is divided by 32?
29
What is the remainder when 1218 is divided by 71?
11
What is the remainder when 29853 is divided by 126?
117
What is the remainder when 7375 is divided by 145?
125
What is the remainder when 128934 is divided by 131?
30
What is the remainder when 761 is divided by 160?
121
Calculate the remainder when 3458 is divided by 68.
58
Calculate the remainder when 74990 is divided by 55.
25
Calculate the remainder when 1026 is divided by 708.
318
What is the remainder when 1620 is divided by 114?
24
What is the remainder when 32653 is divided by 56?
5
What is the remainder when 250347 is divided by 166?
19
What is the remainder when 16153 is divided by 475?
3
Calculate the remainder when 4835 is divided by 1285.
980
What is the remainder when 8676 is divided by 248?
244
Calculate the remainder when 31434 is divided by 262.
256
Calculate the remainder when 4704 is divided by 80.
64
What is the remainder when 302635 is divided by 624?
619
What is the remainder when 3564 is divided by 126?
36
What is the remainder when 335621 is divided by 122?
121
Calculate the remainder when 42755 is divided by 4271.
45
Calculate the remainder when 130436 is divided by 9.
8
What is the remainder when 822 is divided by 464?
358
Calculate the remainder when 14563 is divided by 3568.
291
What is the remainder when 6632 is divided by 443?
430
Calculate the remainder when 6975 is divided by 1242.
765
Calculate the remainder when 37003 is divided by 23.
19
